*q = -p*q - 1112. List the prime factors of u.
2, 139
Suppose -2458551 - 4724013 = -368*s - 593156. What are the prime factors of s?
2, 7, 1279
Let b(r) = r**3 + 6*r**2 + 15*r + 14. Let d be b(10). Suppose 2*f + 1746 = 2*v + 4*f, 4*f = 2*v - d. List the prime factors of v.
2, 3, 73
Let c(d) = -1430*d - 6362. What are the prime factors of c(-14)?
2, 6829
Suppose 0 = 50*v + 6*v - 590450 - 990206. List the prime factors of v.
2, 11, 1283
Let k(v) = 117*v - 188. Suppose 0*d - 4*d + 48 = 0. List the prime factors of k(d).
2, 19
List the prime factors of 332/913*(-78243)/(-2).
2, 3, 2371
Let c = -564 - -935. Suppose -c*x + 372*x - 661 = 0. List the prime factors of x.
661
Suppose -x + 4*p = -9, 2*p + 18 = 3*x - 9. Suppose 7*w + 90 = x*w. What are the prime factors of w?
3, 5
Let t(p) = -35*p**2 + 7*p + 25. Let k be t(-3). Let z = k + 577. What are the prime factors of z?
2, 7, 19
Let u(i) = 5781*i**3 + i**2 - 2*i + 1. What are the prime factors of u(1)?
3, 41, 47
Suppose 2*a = -2*a + 16, 4*u - 5*a - 121172 = 0. List the prime factors of u.
2, 15149
Let b be 0 + -2 + (3 - 0). Suppose 0 = -h - 0 + b, 3*h = n - 252. List the prime factors of n.
3, 5, 17
Suppose -29*k + 32*k = 2*g + 110017, 0 = 4*g - 4. List the prime factors of k.
7, 13, 31
Suppose -2*b + 5*y - 6*y = -73, -b + 5*y = -31. Let z = 578 - b. What are the prime factors of z?
2, 271
Let s be 5/(-1 + 115/110). Let v(m) = 7*m - s + 119 + m. List the prime factors of v(4).
41
Let u(z) = -3*z - 8*z**2 - z**3 + 36 + 2*z**2 + 15*z - 40. List the prime factors of u(-10).
2, 3, 23
Let d(o) be the second derivative of -o**5/20 + 17*o**4/6 - 53*o**3/6 + 41*o**2/2 - 139*o. What are the prime factors of d(31)?
3, 7, 61
Let m be (-3)/6*(-264)/3. List the prime factors of (-88)/m*(2 + -318).
2, 79
Let f(g) = 3090*g**2 - 84*g - 344. List the prime factors of f(-4).
2, 37, 167
Let c(t) = t**2 - 36*t - 29. Let a be c(37). Let d(k) be the second derivative of k**4/12 + 3*k**3/2 - 7*k**2 - k. What are the prime factors of d(a)?
2, 61
Let g(s) be the first derivative of -40*s - 11/2*s**2 + 12. What are the prime factors of g(-10)?
2, 5, 7
Suppose 0 = -2*l - 4*c + 14, -3*l + c = 3*c - 1. List the prime factors of 715 + ((-5)/(-1) + -4 - l).
719
Let f(r) = 2*r**3 + 17*r**2 + r - 66. Let b be f(-8). Let p(o) be the second derivative of -5*o**3/3 - 11*o**2 - o. What are the prime factors of p(b)?
2, 3, 13
Let f(t) = 3*t**3 - 5*t**3 + 9*t**2 + 10 - t + t**3 + 24*t. What are the prime factors of f(11)?
3, 7
Let p(d) = -892*d**3 + d**2 - 9*d - 7. Let t(f) = -891*f**3 + 2*f**2 - 9*f - 7. Let z(a) = 5*p(a) - 4*t(a). List the prime factors of z(-1).
5, 179
What are the prime factors of 18/(1656/1235537) - (18/(-8) - -2)?
2, 5, 17, 79
Let x = -372 + 561. List the prime factors of 244335/x - 2/(-9).
3, 431
Let x = -32470 - -46965. List the prime factors of x.
5, 13, 223
List the prime factors of 22 + -9 - (-77078)/17.
4547
Let h(f) be the first derivative of 179*f**2 - 18*f - 21. List the prime factors of h(1).
2, 5, 17
Suppose -8*j - 59 = -35. List the prime factors of ((-367)/3)/(j/(-9)*-1).
367
Suppose -43*j + 5885837 = 39*j + 7*j. List the prime factors of j.
41, 1613
Suppose 6562 = 2*b - 4*u, 0 = 3*b + 22*u - 21*u - 9857. List the prime factors of b.
3, 5, 73
Let g(z) = 3*z**3 - 4*z**2 + 12*z - 44. List the prime factors of g(4).
2, 3, 11
Suppose -14*p + 19*p - 25056 = -2*x, -4*x + 25052 = 5*p. List the prime factors of p.
2, 7, 179
Suppose 177 = 6*y - 123. Let k = 55 - y. Suppose k*b - 52 = -3*r, -3*r = b - 0*r - 8. What are the prime factors of b?
11
Suppose 14771 + 9074 = 19*a. Let u = 2020 - a. List the prime factors of u.
3, 5, 17
Let d(y) = -2*y**2 + 5*y**2 + 16*y - 4*y**2 - 35 + 2*y. Let s be d(15). Suppose 42*j + s = 43*j. What are the prime factors of j?
2, 5
Let j be 36/24 + ((-19635)/6)/(-5). Let t be (1/2*-1)/(2/j). What are the prime factors of (t/3)/(8/(-36))?
2, 3, 41
Let z(c) = 2*c**2 + 5*c + 6. Let q be 96/(-20) - (-1)/(-5). Let h be (2/q)/(184/(-60) + 3). List the prime factors of z(h).
2, 3
Let y be ((-25)/2)/(1*(-7)/(-56)). Let f = -400 - y. What are the prime factors of ((-54)/15)/((81/f)/9)?
2, 3, 5
Suppose 0 = -21*s + 34*s + 6552. Let x = s - -715. List the prime factors of x.
211
Let d = 3767 + 3042. List the prime factors of d.
11, 619
Let m = -70643 + 120329. What are the prime factors of m?
2, 3, 7, 13
Let t(v) = 2369*v - 45. What are the prime factors of t(3)?
2, 3, 11, 107
Let n(s) = 440*s - 31. Let g(x) = -4840*x + 340. Let d(t) = -4*g(t) - 45*n(t). List the prime factors of d(-1).
5, 19
Let j be (-8*6/20)/(3/20). Let y be (1 + j/12)*-279. Suppose -2*k + 5*k - y = 0. What are the prime factors of k?
31
Suppose -3*s = -5*j + 9, -j + 5 = -2*s + 2*j. Suppose s*d - 3*u = -9, -2*d + u + 3 - 2 = 0. What are the prime factors of d?
3
Let l = 84 + -91. Let s(x) = 4*x + 31. Let n be s(l). What are the prime factors of (128/n)/(12/36)?
2
Suppose -27*r = -52321 - 77981. What are the prime factors of r?
2, 19, 127
Let r be ((-3)/(-4))/(-3)*24/(-6). What are the prime factors of (-454)/1*r/(-2)?
227
Suppose -36*k = 62715 - 4323. Let p = -805 - k. What are the prime factors of p?
19, 43
Let q(n) = 35*n**2 - 122*n - 38. List the prime factors of q(11).
5, 571
Let d = -9479 + 22966. What are the prime factors of d?
13487
Let i be (-2)/(-5) - (-7)/(-5). Let w(d) = -50*d**3 - 3*d**2 - 2*d**2 + 1 - 2802*d + 2800*d - 2 + 3*d**2. List the prime factors of w(i).
7
Let z = 14613 + -3642. What are the prime factors of z?
3, 23, 53
Suppose 3*r + 6*h - 10401 = 0, -4*r + 961 = -4*h - 12907. List the prime factors of r.
3467
List the prime factors of -4*(-45)/(-144)*4*-403.
5, 13, 31
List the prime factors of 5 + (-13)/(52/(-61172)).
2, 7649
Suppose u = -2*s + 45, -18*s - 4*u = -15*s - 75. Suppose -999 = -s*q + 18*q. List the prime factors of q.
3, 37
Suppose 5*f + 4*p - 10503 = 0, -4*p = -16*f + 15*f + 2091. Let s = f + -1244. What are the prime factors of s?
3, 5, 19
Suppose -614 + 174 = -4*a. Let i(r) = -2*r**3 - 9*r**2 + 4*r - 4. Let q be i(-5). Let h = a - q. What are the prime factors of h?
109
Let z = 249 - 249. Suppose z = 4*h + 3*o - 4669 + 1441, 4*o - 807 = -h. List the prime factors of h.
3, 269
Let p(i) = -40*i - 2077. Let b be p(-52). Suppose -3*j + 7 = -2*d, -2*d + 5*d = -5*j + 37. Suppose b*m + 11 = d*m. What are the prime factors of m?
11
Let b(x) = x**3 + 7*x**2 + 8*x - 8. Let r be b(-4). Suppose -3*a = 2 - r. Suppose 4*v = -4*y + 38 + 102, -a*y - 3*v + 75 = 0. List the prime factors of y.
2, 3, 5
Let z = -49 + 31. Let i be (z/12)/((-5)/(-4) + -2). Let m(s) = 23*s - 11. List the prime factors of m(i).
5, 7
Let t be -38*35/28*144/(-10). Suppose 13*n = 11*n + t. List the prime factors of n.
2, 3, 19
Let i be 21*(8/(-10))/((-45)/75). Let g = 79 - i. Let u = g - -151. List the prime factors of u.
2, 101
Let w = 182 + -179. Suppose 4*d - 3*d - 37 = w*u, 5*u - 20 = 0. What are the prime factors of d?
7
Suppose -91*v + 705717 + 446015 = -1764272. What are the prime factors of v?
2, 8011
Let v(i) = -2*i**2 - 11*i - 116. Let t be v(-12). Suppose 0 = -0*m - 2*m - 70. List the prime factors of m/(-35) + 3/((-6)/t).
137
List the prime factors of (-1839)/(-7969) - 308201/(-13).
2, 5927
Let p = 492 - 484. Let l(i) = i**3 + 5*i**2 - 2*i - 5. Let q be l(-5). Suppose j - 669 = -p*s + 3*s, s - q*j = 139. List the prime factors of s.
2, 67
Suppose -18 = -6*p - 0. What are the prime factors of 97 - (-1 + 1*(-12)/p)?
2, 3, 17
Suppose -p + 3 - 1 = n, -3*p = -4*n + 29. What are the prime factors of ((-4950)/504 - p/(-7))*-24?
2, 3, 41
Let l = 434 - 432. Suppose f - g - 402 = 2*g, -2095 = -5*f - l*g. What are the prime factors of f?
3, 139
List the prime factors of 1*1459*18/9 - -7.
3, 5, 13
Suppose -76*q + 13246145 = 140*q + 125*q. What are the prime factors of q?
5, 17, 457
Let c(i) = 5*i**2 - 68*i + 495. What are the prime factors of c(13)?
2, 3, 19
Let o = 141 - 135. Let k(b) = -6*b - 1. Let r be k(-1). What are the prime factors of 164 - o*(-3 + r/2)?
167
Suppose -9*o + 25*o - 1104 = 0. Let i = o - 69. Suppose l - 3*l + 256 = i. What are the prime factors of l?
2
Suppose 64738 = 3*w + 4*d, -3*w = 3*d - 82287 + 17544. List the prime factors of w.
2, 43, 251
Let p = 502 - 298. Let j = p + -144. Let d = 7 + j. List 